{"version":"1.0","provider_name":"DEBRA Schweiz","provider_url":"https:\/\/www.schmetterlingskinder.ch\/fr\/","author_name":"admin","author_url":"https:\/\/www.schmetterlingskinder.ch\/fr\/author\/admin\/","title":"Session des handicap\u00e9s 2023 - DEBRA Schweiz","type":"rich","width":600,"height":338,"html":"<blockquote class=\"wp-embedded-content\" data-secret=\"0eys8olxgX\"><a href=\"https:\/\/www.schmetterlingskinder.ch\/fr\/news-post\/elementor-4118\/\">Session des handicap\u00e9s 2023<\/a><\/blockquote><iframe sandbox=\"allow-scripts\" security=\"restricted\" src=\"https:\/\/www.schmetterlingskinder.ch\/fr\/news-post\/elementor-4118\/embed\/#?secret=0eys8olxgX\" width=\"600\" height=\"338\" title=\"\u00ab\u00a0Session des handicap\u00e9s 2023\u00a0\u00bb &#8212; DEBRA Schweiz\" data-secret=\"0eys8olxgX\" frameborder=\"0\" marginwidth=\"0\" marginheight=\"0\" scrolling=\"no\" class=\"wp-embedded-content\"><\/iframe><script type=\"text\/javascript\">\n\/* <![CDATA[ *\/\n\/*! This file is auto-generated *\/\n!function(d,l){\"use strict\";l.querySelector&&d.addEventListener&&\"undefined\"!=typeof URL&&(d.wp=d.wp||{},d.wp.receiveEmbedMessage||(d.wp.receiveEmbedMessage=function(e){var t=e.data;if((t||t.secret||t.message||t.value)&&!\/[^a-zA-Z0-9]\/.test(t.secret)){for(var s,r,n,a=l.querySelectorAll('iframe[data-secret=\"'+t.secret+'\"]'),o=l.querySelectorAll('blockquote[data-secret=\"'+t.secret+'\"]'),c=new RegExp(\"^https?:$\",\"i\"),i=0;i<o.length;i++)o[i].style.display=\"none\";for(i=0;i<a.length;i++)s=a[i],e.source===s.contentWindow&&(s.removeAttribute(\"style\"),\"height\"===t.message?(1e3<(r=parseInt(t.value,10))?r=1e3:~~r<200&&(r=200),s.height=r):\"link\"===t.message&&(r=new URL(s.getAttribute(\"src\")),n=new URL(t.value),c.test(n.protocol))&&n.host===r.host&&l.activeElement===s&&(d.top.location.href=t.value))}},d.addEventListener(\"message\",d.wp.receiveEmbedMessage,!1),l.addEventListener(\"DOMContentLoaded\",function(){for(var e,t,s=l.querySelectorAll(\"iframe.wp-embedded-content\"),r=0;r<s.length;r++)(t=(e=s[r]).getAttribute(\"data-secret\"))||(t=Math.random().toString(36).substring(2,12),e.src+=\"#?secret=\"+t,e.setAttribute(\"data-secret\",t)),e.contentWindow.postMessage({message:\"ready\",secret:t},\"*\")},!1)))}(window,document);\n\/\/# sourceURL=https:\/\/www.schmetterlingskinder.ch\/wp-includes\/js\/wp-embed.min.js\n\/* ]]> *\/\n<\/script>\n","thumbnail_url":"https:\/\/www.schmetterlingskinder.ch\/wp-content\/uploads\/2023\/02\/debra-rotated.jpeg","thumbnail_width":960,"thumbnail_height":960,"description":"Nous avons r\u00e9ussi ! Notre membre du comit\u00e9 Jennifer Pauli a \u00e9t\u00e9 \u00e9lue au Parlement f\u00e9d\u00e9ral ! Lors de la session des personnes handicap\u00e9es, l'\u00e9tudiante, forte de ses 24 ans d'exp\u00e9rience en tant qu'enfant papillon, d\u00e9fendra les int\u00e9r\u00eats des personnes atteintes de maladies rares. Bonne chance le 24 mars au Palais f\u00e9d\u00e9ral Jenny !"}

Session des handicapés 2023 - DEBRA Schweiz

<blockquote class="wp-embedded-content" data-secret="0eys8olxgX"><a href="https://www.schmetterlingskinder.ch/fr/news-post/elementor-4118/">Session des handicapés 2023</a></blockquote><iframe sandbox="allow-scripts" security="restricted" src="https://www.schmetterlingskinder.ch/fr/news-post/elementor-4118/embed/#?secret=0eys8olxgX" width="600" height="338" title="« Session des handicapés 2023 » &#8212; DEBRA Schweiz" data-secret="0eys8olxgX" frameborder="0" marginwidth="0" marginheight="0" scrolling="no" class="wp-embedded-content"></iframe><script type="text/javascript">
/* <![CDATA[ */
/*! This file is auto-generated */
!function(d,l){"use strict";l.querySelector&&d.addEventListener&&"undefined"!=typeof URL&&(d.wp=d.wp||{},d.wp.receiveEmbedMessage||(d.wp.receiveEmbedMessage=function(e){var t=e.data;if((t||t.secret||t.message||t.value)&&!/[^a-zA-Z0-9]/.test(t.secret)){for(var s,r,n,a=l.querySelectorAll('iframe[data-secret="'+t.secret+'"]'),o=l.querySelectorAll('blockquote[data-secret="'+t.secret+'"]'),c=new RegExp("^https?:$","i"),i=0;i<o.length;i++)o[i].style.display="none";for(i=0;i<a.length;i++)s=a[i],e.source===s.contentWindow&&(s.removeAttribute("style"),"height"===t.message?(1e3<(r=parseInt(t.value,10))?r=1e3:~~r<200&&(r=200),s.height=r):"link"===t.message&&(r=new URL(s.getAttribute("src")),n=new URL(t.value),c.test(n.protocol))&&n.host===r.host&&l.activeElement===s&&(d.top.location.href=t.value))}},d.addEventListener("message",d.wp.receiveEmbedMessage,!1),l.addEventListener("DOMContentLoaded",function(){for(var e,t,s=l.querySelectorAll("iframe.wp-embedded-content"),r=0;r<s.length;r++)(t=(e=s[r]).getAttribute("data-secret"))||(t=Math.random().toString(36).substring(2,12),e.src+="#?secret="+t,e.setAttribute("data-secret",t)),e.contentWindow.postMessage({message:"ready",secret:t},"*")},!1)))}(window,document);
//# sourceURL=https://www.schmetterlingskinder.ch/wp-includes/js/wp-embed.min.js
/* ]]> */
</script>

Nous avons réussi ! Notre membre du comité Jennifer Pauli a été élue au Parlement fédéral ! Lors de la session des personnes handicapées, l'étudiante, forte de ses 24 ans d'expérience en tant qu'enfant papillon, défendra les intérêts des personnes atteintes de maladies rares. Bonne chance le 24 mars au Palais fédéral Jenny !
